hat is q(-2)?
-7
Let a(o) = -2*o**2 - 6*o + 108. What is a(10)?
-152
Let q(o) = 5*o**2 - 272*o + 274. Calculate q(1).
7
Let o(z) = z**3 + 10*z**2 + 20*z - 14. Give o(-7).
-7
Let l(y) = y**2 - 35*y + 313. Give l(16).
9
Let m(s) = -s**3 + 154*s**2 - 438*s - 2241. Determine m(151).
24
Let p(f) = -13*f + 131. Determine p(-17).
352
Let i(y) = -y**3 - 66*y**2 - 305*y - 8. Determine i(-5).
-8
Let d(x) = -16*x + 1204. Give d(75).
4
Let u(x) = -1055*x + 18975. What is u(18)?
-15
Let w(k) = -2*k**3 + 249*k**2 + 121*k + 534. Give w(125).
34
Let u(z) = 136*z + 3022. Determine u(-22).
30
Let k(x) = -x**3 - 2*x**2 - 45*x + 1236. Give k(0).
1236
Let w(f) = -702*f - 1637. Determine w(-3).
469
Let b(y) = -19*y**3 - 4*y**2 - 16*y - 32. What is b(-2)?
136
Let p(g) = -68*g - 10130. Calculate p(-149).
2
Let o(c) = -c**3 + 15*c**2 + 81*c - 492. What is o(18)?
-6
Let r(s) = s**3 + 6*s**2 - 6*s - 188. Calculate r(-7).
-195
Let g(t) = 24*t**2 - 40*t + 32. Determine g(2).
48
Let z(h) = -h**2 + 25*h + 268. What is z(33)?
4
Let y(v) = -4*v - 186. What is y(-40)?
-26
Let r(x) = 361*x + 747. Determine r(-2).
25
Let d(p) = -35*p + 460. Calculate d(13).
5
Let y(o) = 210*o + 1155. Calculate y(-6).
-105
Let z(g) = -28*g**2 + 5*g + 60. What is z(0)?
60
Let v(o) = -o**2 - 54*o + 278. Calculate v(-61).
-149
Let p(t) = t**3 + 104*t**2 - 452*t + 70. Calculate p(4).
-10
Let q(w) = 1048*w + 16780. Give q(-16).
12
Let k(h) = 15*h**2 - 189*h + 13. What is k(11)?
-251
Let x(s) = -s**2 + 12*s + 136. Calculate x(19).
3
Let s(l) = 3*l**3 + 5*l + 20. What is s(-4)?
-192
Let h(f) = 538*f + 2187. What is h(-4)?
35
Let x(n) = -2*n**3 + 126*n**2 + 262*n - 140. Calculate x(65).
-10
Let j(w) = -97*w - 2655. Calculate j(-27).
-36
Let v(s) = 2*s**2 + 54*s - 87. Determine v(-27).
-87
Let w(f) = -20*f**2 - 3062*f - 314. Determine w(-153).
-8
Let k(r) = r**2 + 2712*r - 29951. Determine k(11).
2
Let d(s) = 7*s**3 - 34*s**2 - 369*s + 85. Calculate d(10).
-5
Let t(n) = -46*n**3 + 3*n**2 + 8*n + 8. What is t(-2)?
372
Let u(c) = c**3 - 7*c**2 - 14*c - 1. Give u(10).
159
Let x(k) = k**3 + k**2 - 2*k + 108. Give x(0).
108
Let c(t) = t**3 + 10*t**2 + 67*t + 526. What is c(-9)?
4
Let u(g) = g**3 + 7*g**2 - 30*g - 11. What is u(-10)?
-11
Let r(z) = -z**3 + 11*z**2 + 142*z - 152. What is r(18)?
136
Let w(j) = j**3 + 12*j**2 - 162*j - 2. Determine w(8).
-18
Let b(c) = 1346*c - 10774. What is b(8)?
-6
Let d(y) = -109*y + 17659. Calculate d(162).
1
Let v(t) = -2*t**3 - 11*t**2 - 4*t - 23. Determine v(0).
-23
Let n(y) = -18*y**2 + 38*y - 3. What is n(2)?
1
Let v(b) = 7586*b - 15157. Give v(2).
15
Let m(r) = -133*r + 1769. Calculate m(14).
-93
Let p(m) = -m**3 + 99*m**2 - 2179*m - 5. Give p(66).
-71
Let g(r) = -2*r**2 - 4*r - 40. What is g(5)?
-110
Let b(a) = a**3 + 18*a**2 - 41*a - 11. Calculate b(-20).
9
Let y(q) = 17*q**2 + 161*q + 4. Determine y(-9).
-68
Let j(r) = r**3 - 12*r**2 - 106*r - 83. Determine j(18).
-47
Let s(y) = 330*y + 24744. Give s(-75).
-6
Let h(x) = 3*x - 135. What is h(20)?
-75
Let f(p) = p**3 - 47*p**2 + 74*p + 740. Determine f(45).
20
Let n(t) = -t**2 - 73*t - 918. Determine n(-16).
-6
Let j(g) = 34*g - 95. Determine j(10).
245
Let i(h) = h**3 - 25*h**2 - 478*h + 201. Determine i(-13).
-7
Let z(g) = -g**3 - 32*g**2 - 212*g + 2. Determine z(-23).
117
Let s(b) = -10*b**3 + 2*b**2 + 6. Calculate s(-3).
294
Let x(j) = j**3 - 32*j**2 + 61*j - 12. Give x(30).
18
Let r(x) = 197*x - 2678. Give r(13).
-117
Let v(k) = -2702*k - 16220. Determine v(-6).
-8
Let y(t) = 3*t**3 + 94*t**2 + 25*t + 47. What is y(-31)?
233
Let v(l) = -96*l + 126. Determine v(2).
-66
Let u(h) = -2*h**2 - 91*h + 2209. Determine u(-62).
163
Let v(a) = -79*a - 3413. Calculate v(-42).
-95
Let q(h) = -123*h**2 + 109*h. What is q(1)?
-14
Let i(d) = -71*d + 651. What is i(9)?
12
Let i(z) = 29*z**2 - 142*z - 10. What is i(5)?
5
Let s(p) = -90*p + 168. Give s(3).
-102
Let h(l) = 16*l + 585. Calculate h(-36).
9
Let j(o) = -2*o**2 - 56*o - 107. What is j(-24)?
85
Let b(u) = -89*u - 2464. What is b(-28)?
28
Let j(d) = 775*d - 4639. Calculate j(6).
11
Let u(j) = -30*j + 936. Determine u(31).
6
Let a(d) = 2*d**2 + 43*d - 19. Give a(-13).
-240
Let a(c) = -925*c - 10228. Give a(-11).
-53
Let r(q) = 2*q**2 - 16*q - 178. Calculate r(14).
-10
Let k(b) = -78*b**2 + 150*b + 19. Determine k(2).
7
Let i(t) = t**2 + 5*t - 577. Calculate i(-18).
-343
Let q(u) = 2*u**2 - 128*u - 1467. What is q(74)?
13
Let i(w) = w**3 + 4*w**2 - 283*w - 62. Give i(15).
-32
Let s(m) = -809*m + 4854. What is s(6)?
0
Let k(b) = -b**3 + 6*b**2 + 66*b + 75. Calculate k(12).
3
Let v(y) = -1389*y + 13917. Give v(10).
27
Let g(j) = j**2 - 65*j + 108. Give g(64).
44
Let q(s) = -s**2 + 83*s + 253. Give q(-3).
-5
Let g(z) = -186*z + 2400. Calculate g(13).
-18
Let x(i) = -4*i**2 - 61*i + 10. Determine x(-16).
-38
Let b(m) = -126*m - 159. Give b(-2).
93
Let x(a) = 2*a**3 - 4*a**2 - 11*a - 9. What is x(6)?
213
Let q(p) = -p**3 + 22*p**2 + 14*p - 303. Determine q(22).
5
Let z(x) = -x**2 + 109*x + 1087. Determine z(-9).
25
Let m(f) = -3*f**2 - 5*f + 20. Give m(7).
-162
Let l(f) = f**2 - 66*f + 605. Give l(55).
0
Let m(b) = -b**3 + 27*b**2 - 70*b - 40. What is m(25)?
-540
Let n(m) = -m**3 - 124*m**2 + 22*m + 2722. Determine n(-124).
-6
Let r(g) = -g**2 - 748*g - 5173. Calculate r(-7).
14
Let z(a) = -a**2 + 8*a - 41. Calculate z(9).
-50
Let b(s) = s**2 + 42*s - 188. Determine b(6).
100
Let k(l) = -l**3 - 17*l**2 - 59*l + 9. What is k(-12)?
-3
Let z(u) = -u**3 + 47*u**2 - 88*u - 149. Give z(45).
-59
Let i(z) = -3*z**3 - 8*z**2 + 85*z + 189. What is i(-2)?
11
Let a(q) = q**2 + 62*q - 179. What is a(3)?
16
Let o(y) = y**3 + 12*y**2 - 19*y + 14. Calculate o(-11).
344
Let u(v) = -2*v + 17. Calculate u(19).
-21
Let i(g) = -g**3 + 2*g**2 + 4*g - 10. What is i(6)?
-130
Let z(g) = -g**2 + 53*g + 2148. Calculate z(-27).
-12
Let c(u) = 41*u + 92. Give c(0).
92
Let c(p) = 2*p**2 - 2*p + 17. Determine c(-9).
197
Let h(x) = -73*x**2 - 29640*x - 814. What is h(-406)?
-2
Let s(a) = 613*a - 5515. Give s(9).
2
Let x(r) = -r**3 + 7*r**2 - 177*r + 1008. Give x(6).
-18
Let l(n) = 36*n + 846. Calculate l(-25).
-54
Let w(h) = 55*h + 2129. Determine w(-40).
-71
Let l(h) = 83*h - 86. Determine l(11).
827
Let y(g) = 473*g - 4255. Calculate y(9).
2
Let o(s) = 47*s + 3369. Give o(-71).
32
Let j(i) = 2*i**3 - 68*i**2 - 300*i - 153. What is j(38)?
-1
Let n(t) = t**3 + 6*t**2 - 47*t - 168. What is n(-7)?
112
Let r(s) = -2*s**2 - 9*s - 137. What is r(0)?
-137
Let l(f) = 9920*f - 69441. Determine l(7).
-1
Let o(q) = -q**3 - 28*q**2 - 51*q + 34. Determine o(-26).
8
Let v(m) = m**3 + 86*m**2 + 69*m - 1145. Calculate v(-85).
215
Let h(c) = 2673*c - 40096. Calculate h(15).
-1
Let u(g) = 7*g**3 - 2*g**2 + 19*g + 22. Give u(-1).
-6
Let m(b) = -18*b - 93. Determine m(-4).
-21
Let x(j) = 3*j**3 + 22*j**2 - 228*j - 1648. Give x(-7).
-3
Let l(q) = -2*q**2 - 146*q + 753. What is l(5)?
-27
Let h(f) = -65*f - 1028. What is h(-19)?
207
Let v(o) = -o**3 + 398*o**2 + 8357*o + 1253. Determine v(418).
-1
Let l(v) = 56*v + 161. Determine l(-8).
-287
Let k(l) = 407*l + 1203. Give k(-3).
-18
Let w(o) = 22*o. Calculate w(-1).
-22
Let n(o) = 34*o + 53. Give n(-1).
19
Let o(a) = -247*a - 4695. What is o(-19)?
-2
Let n(f) = f**3 + 38*f**2 - 7209*f + 61. Give n(68).
-7
Let w(j) = 37*j + 146. What is w(-4)?
-2
Let l(n) = 2*n**3 - 14*n**2 - 144*n + 921. Determine l(6).
-15
Let k(j) = 2*j**3 + 36*j**2 + 3*j + 64. Determine k(-18).
10
Let z(h) = -h**3 - 20*h**2 + 39*h - 105. Determine z(-22).
5
Let z(v) = v**3 - 31*v**2 + 17*v - 110. Determine z(30).
-500
Let b(s) = -5*s**2 - 483*s + 2215. Calculate b(-101).
-7
Let h(n) = 5772*n + 23147. Calculate h(-4).
59
Let p(c) = -100*c - 111. Calculate p(-2).
89
Let n(z) = 5*z + 8. Determine n(3).
23
Let b(m) = -3*m**2 - 34*m - 283. What is b(-18)?
-643
Let r(a) = 1381*a + 6878. Calculate r(-5).
-27
Let l(s) = -21*s - 782. Determine l(-44).
142
Let p(s) = -3*s**2 + 48*s - 38. Determine p(17).
-89
Let m(u) = 4*u**2 + 713*u - 2921. Determine m(4).
-5
Let f(k) = 21*k**2 - 19*k - 98. Determine f(-5).
522
Let y(h) = h**3 + 18*h**2 + 13*h - 68. Determine y(-17).
0
Let k(a) = 3*a**2 - 362. What is k(-11)?
1
Let d(n) = -78*n - 1156. What is d(-15)?
14
Let b(w) = -156*w + 4797. What is b(30)?
117
Let g(k) = -3*k**2 